rime factors of 1359?
3, 151
What are the prime factors of 271?
271
What are the prime factors of 6672?
2, 3, 139
What are the prime factors of 4165?
5, 7, 17
List the prime factors of 130.
2, 5, 13
What are the prime factors of 3442?
2, 1721
What are the prime factors of 57757?
7, 37, 223
List the prime factors of 87714.
2, 3, 11, 443
What are the prime factors of 34772?
2, 8693
What are the prime factors of 9797?
97, 101
What are the prime factors of 2999?
2999
List the prime factors of 210.
2, 3, 5, 7
List the prime factors of 109309.
281, 389
What are the prime factors of 122?
2, 61
List the prime factors of 11386.
2, 5693
What are the prime factors of 4872?
2, 3, 7, 29
List the prime factors of 5774.
2, 2887
What are the prime factors of 584?
2, 73
List the prime factors of 1941.
3, 647
What are the prime factors of 14835?
3, 5, 23, 43
List the prime factors of 1012.
2, 11, 23
What are the prime factors of 4862?
2, 11, 13, 17
What are the prime factors of 18410?
2, 5, 7, 263
List the prime factors of 6493.
43, 151
What are the prime factors of 1527?
3, 509
List the prime factors of 77434.
2, 7, 5531
List the prime factors of 791.
7, 113
List the prime factors of 114735.
3, 5, 7649
What are the prime factors of 21353?
131, 163
List the prime factors of 31623.
3, 83, 127
What are the prime factors of 28673?
53, 541
List the prime factors of 3580.
2, 5, 179
What are the prime factors of 41445?
3, 5, 307
List the prime factors of 40900.
2, 5, 409
List the prime factors of 3970.
2, 5, 397
List the prime factors of 8050.
2, 5, 7, 23
List the prime factors of 20685.
3, 5, 7, 197
What are the prime factors of 11899?
73, 163
List the prime factors of 17567.
11, 1597
List the prime factors of 2064.
2, 3, 43
List the prime factors of 11058.
2, 3, 19, 97
What are the prime factors of 21407?
21407
What are the prime factors of 3224?
2, 13, 31
List the prime factors of 13284.
2, 3, 41
What are the prime factors of 18344?
2, 2293
What are the prime factors of 13401?
3, 1489
List the prime factors of 1794.
2, 3, 13, 23
What are the prime factors of 46132?
2, 19, 607
List the prime factors of 999.
3, 37
List the prime factors of 88859.
17, 5227
What are the prime factors of 1470?
2, 3, 5, 7
List the prime factors of 4398.
2, 3, 733
What are the prime factors of 169272?
2, 3, 2351
List the prime factors of 17071.
43, 397
What are the prime factors of 41253?
3, 13751
What are the prime factors of 1337?
7, 191
What are the prime factors of 11997?
3, 31, 43
List the prime factors of 813.
3, 271
List the prime factors of 544.
2, 17
List the prime factors of 1935.
3, 5, 43
List the prime factors of 1936.
2, 11
What are the prime factors of 3539?
3539
What are the prime factors of 17019?
3, 31, 61
What are the prime factors of 1003?
17, 59
What are the prime factors of 8295?
3, 5, 7, 79
What are the prime factors of 1317?
3, 439
What are the prime factors of 5736?
2, 3, 239
List the prime factors of 840.
2, 3, 5, 7
What are the prime factors of 97?
97
List the prime factors of 9255.
3, 5, 617
List the prime factors of 28897.
11, 37, 71
What are the prime factors of 2598?
2, 3, 433
What are the prime factors of 1722?
2, 3, 7, 41
List the prime factors of 16672.
2, 521
List the prime factors of 1710.
2, 3, 5, 19
What are the prime factors of 37495?
5, 7499
List the prime factors of 1742.
2, 13, 67
List the prime factors of 16117.
71, 227
What are the prime factors of 88625?
5, 709
What are the prime factors of 1330?
2, 5, 7, 19
What are the prime factors of 11913?
3, 11, 19
What are the prime factors of 20977?
11, 1907
What are the prime factors of 13851?
3, 19
What are the prime factors of 2475?
3, 5, 11
List the prime factors of 6835.
5, 1367
List the prime factors of 2084.
2, 521
What are the prime factors of 35166?
2, 3, 5861
List the prime factors of 2869.
19, 151
What are the prime factors of 81403?
7, 29, 401
What are the prime factors of 4951?
4951
List the prime factors of 86.
2, 43
What are the prime factors of 16003?
13, 1231
What are the prime factors of 1217?
1217
List the prime factors of 60661.
60661
List the prime factors of 480.
2, 3, 5
What are the prime factors of 14258?
2, 7129
List the prime factors of 736.
2, 23
List the prime factors of 18241.
17, 29, 37
List the prime factors of 8980.
2, 5, 449
What are the prime factors of 466?
2, 233
What are the prime factors of 7054?
2, 3527
What are the prime factors of 939?
3, 313
List the prime factors of 143106.
2, 3, 17, 23, 61
What are the prime factors of 993?
3, 331
List the prime factors of 101685.
3, 5, 6779
List the prime factors of 26437.
26437
List the prime factors of 1755.
3, 5, 13
What are the prime factors of 24430?
2, 5, 7, 349
List the prime factors of 641.
641
What are the prime factors of 1798?
2, 29, 31
List the prime factors of 17068.
2, 17, 251
List the prime factors of 30577.
30577
List the prime factors of 81357.
3, 47, 577
What are the prime factors of 1181?
1181
What are the prime factors of 108046?
2, 89, 607
List the prime factors of 52929.
3, 5881
What are the prime factors of 33257?
7, 4751
What are the prime factors of 1086?
2, 3, 181
What are the prime factors of 5726?
2, 7, 409
What are the prime factors of 3079?
3079
What are the prime factors of 489?
3, 163
What are the prime factors of 11?
11
List the prime factors of 13936.
2, 13, 67
What are the prime factors of 10364?
2, 2591
List the prime factors of 218.
2, 109
List the prime factors of 100669.
100669
List the prime factors of 5923.
5923
What are the prime factors of 216?
2, 3
What are the prime factors of 105?
3, 5, 7
What are the prime factors of 34060?
2, 5, 13, 131
List the prime factors of 11662.
2, 7, 17
List the prime factors of 689.
13, 53
What are the prime factors of 3129?
3, 7, 149
List the prime factors of 49365.
3, 5, 1097
What are the prime factors of 43538?
2, 11, 1979
List the prime factors of 1948.
2, 487
List the prime factors of 24545.
5, 4909
What are the prime factors of 8137?
79, 103
What are the prime factors of 113269?
13, 8713
List the prime factors of 7622.
2, 37, 103
What are the prime factors of 36620?
2, 5, 1831
List the prime factors of 5479.
5479
List the prime factors of 4471.
17, 263
What are the prime factors of 126914?
2, 23, 31, 89
List the prime factors of 312.
2, 3, 13
What are the prime factors of 31041?
3, 3449
What are the prime factors of 7606?
2, 3803
List the prime factors of 5421.
3, 13, 139
List the prime factors of 14756.
2, 7, 17, 31
List the prime factors of 79614.
2, 3, 4423
List the prime factors of 5847.
3, 1949
What are the prime factors of 4649?
4649
List the prime factors of 6696.
2, 3, 31
What are the prime factors of 15403?
73, 211
What are the prime factors of 957?
3, 11, 29
What are the prime factors of 52129?
7, 11, 677
What are the prime factors of 898?
2, 449
List the prime factors of 296.
2, 37
What are the prime factors of 16860?
2, 3, 5, 281
List the prime factors of 19586.
2, 7, 1399
List the prime factors of 177494.
2, 88747
List the prime factors of 44203.
44203
What are the prime factors of 41745?
3, 5, 11, 23
What are the prime factors of 6167?
7, 881
What are the prime factors of 9679?
9679
What are the prime factors of 16157?
107, 151
List the prime factors of 3295.
5, 659
List the prime factors of 58754.
2, 29, 1013
List the prime factors of 876.
2, 3, 73
List the prime factors of 905.
5, 181
What are the prime factors of 124978?
2, 7, 79, 113
What are the prime factors of 8978?
2, 67
What are the prime factors of 1332?
2, 3, 37
List the prime factors of 1283.
1283
What are the prime factors of 6103?
17, 359
What are the prime factors of 1039?
1039
List the prime factors of 2674.
2, 7, 191
List the prime factors of 19662.
2, 3, 29, 113
What are the prime factors of 527?
17, 31
What are the prime factors of 13264?
2, 829
What are the prime factors of 2105?
5, 421
List the prime factors of 2038.
2, 1019
What are the prime factors of 1693?
1693
List the prime factors of 34736.
2, 13, 167
List the prime factors of 1683.
3, 11, 17
What are the prime factors of 800?
2, 5
What are the prime factors of 26992?
2, 7, 241
What are the prime factors of 9689?
9689
List the prime factors of 49229.
19, 2591
List the prime factors of 32950.
2, 5, 659